s digit of 140570?
1
What is the tens digit of 428992?
9
What is the units digit of 373021?
1
What is the hundred thousands digit of 2227966?
2
What is the hundred thousands digit of 576516?
5
What is the tens digit of 12442136?
3
What is the millions digit of 30294185?
0
What is the millions digit of 3568715?
3
What is the units digit of 63818?
8
What is the ten millions digit of 15555429?
1
What is the hundreds digit of 14126569?
5
What is the hundreds digit of 29997137?
1
What is the hundred thousands digit of 570543?
5
What is the ten millions digit of 11404932?
1
What is the ten thousands digit of 16002908?
0
What is the units digit of 7686930?
0
What is the units digit of 2196100?
0
What is the tens digit of 11781?
8
What is the ten thousands digit of 201536?
0
What is the hundreds digit of 1284641?
6
What is the units digit of 27146608?
8
What is the units digit of 17094279?
9
What is the hundred thousands digit of 166922?
1
What is the units digit of 157950?
0
What is the ten thousands digit of 49353?
4
What is the ten thousands digit of 458899?
5
What is the tens digit of 7110814?
1
What is the ten millions digit of 20680067?
2
What is the hundred thousands digit of 13593479?
5
What is the units digit of 204553?
3
What is the units digit of 365781?
1
What is the thousands digit of 286968?
6
What is the thousands digit of 152775?
2
What is the ten thousands digit of 194329?
9
What is the units digit of 430736?
6
What is the units digit of 565174?
4
What is the ten thousands digit of 27219964?
1
What is the units digit of 4757998?
8
What is the hundred thousands digit of 894800?
8
What is the hundred thousands digit of 3430547?
4
What is the ten thousands digit of 135445?
3
What is the ten thousands digit of 218027?
1
What is the thousands digit of 1481798?
1
What is the hundred thousands digit of 192329?
1
What is the tens digit of 3877929?
2
What is the thousands digit of 133347?
3
What is the ten thousands digit of 5587798?
8
What is the millions digit of 14671843?
4
What is the ten thousands digit of 252724?
5
What is the hundred thousands digit of 128556?
1
What is the thousands digit of 1893369?
3
What is the hundreds digit of 224757?
7
What is the hundreds digit of 2402694?
6
What is the ten thousands digit of 627927?
2
What is the hundred thousands digit of 1793898?
7
What is the hundred thousands digit of 221673?
2
What is the thousands digit of 286927?
6
What is the units digit of 251598?
8
What is the ten thousands digit of 4681716?
8
What is the units digit of 888618?
8
What is the units digit of 586996?
6
What is the ten millions digit of 13076761?
1
What is the hundred thousands digit of 24571224?
5
What is the thousands digit of 433986?
3
What is the ten thousands digit of 53101?
5
What is the thousands digit of 3169489?
9
What is the thousands digit of 21398?
1
What is the units digit of 61214?
4
What is the thousands digit of 602673?
2
What is the units digit of 6493238?
8
What is the hundreds digit of 8470879?
8
What is the units digit of 7930?
0
What is the millions digit of 3783260?
3
What is the hundreds digit of 44186?
1
What is the tens digit of 30947?
4
What is the hundreds digit of 188675?
6
What is the hundreds digit of 527887?
8
What is the thousands digit of 784717?
4
What is the hundreds digit of 22999960?
9
What is the tens digit of 165211?
1
What is the ten thousands digit of 2858821?
5
What is the ten thousands digit of 330149?
3
What is the millions digit of 1680536?
1
What is the hundred thousands digit of 2569018?
5
What is the ten thousands digit of 243465?
4
What is the ten millions digit of 13676998?
1
What is the units digit of 354491?
1
What is the millions digit of 22583488?
2
What is the hundred thousands digit of 525178?
5
What is the thousands digit of 2032477?
2
What is the units digit of 30575?
5
What is the thousands digit of 5051160?
1
What is the hundreds digit of 242878?
8
What is the units digit of 650730?
0
What is the tens digit of 3440011?
1
What is the millions digit of 37961254?
7
What is the hundreds digit of 9603?
6
What is the millions digit of 2286515?
2
What is the tens digit of 29348702?
0
What is the hundreds digit of 891157?
1
What is the thousands digit of 6835?
6
What is the tens digit of 3278002?
0
What is the hundreds digit of 351107?
1
What is the ten thousands digit of 1784287?
8
What is the millions digit of 7391533?
7
What is the ten thousands digit of 594984?
9
What is the thousands digit of 359300?
9
What is the millions digit of 3698444?
3
What is the units digit of 21203364?
4
What is the hundred thousands digit of 528349?
5
What is the hundred thousands digit of 2163881?
1
What is the hundred thousands digit of 1500032?
5
What is the tens digit of 16075153?
5
What is the thousands digit of 673008?
3
What is the millions digit of 8407483?
8
What is the thousands digit of 6636851?
6
What is the hundreds digit of 150746?
7
What is the hundred thousands digit of 215267?
2
What is the ten thousands digit of 517525?
1
What is the hundreds digit of 2897398?
3
What is the millions digit of 6157017?
6
What is the tens digit of 335669?
6
What is the tens digit of 248565?
6
What is the units digit of 155846?
6
What is the hundreds digit of 7951688?
6
What is the hundreds digit of 357396?
3
What is the units digit of 215240?
0
What is the hundreds digit of 96525?
5
What is the tens digit of 13938558?
5
What is the thousands digit of 100697?
0
What is the thousands digit of 502312?
2
What is the ten thousands digit of 2530662?
3
What is the hundred thousands digit of 185221?
1
What is the millions digit of 5482017?
5
What is the thousands digit of 32458943?
8
What is the hundreds digit of 104687?
6
What is the thousands digit of 80794?
0
What is the tens digit of 15062114?
1
What is the hundred thousands digit of 365125?
3
What is the hundred thousands digit of 908064?
9
What is the tens digit of 9914708?
0
What is the thousands digit of 50870?
0
What is the tens digit of 9802808?
0
What is the hundreds digit of 85273?
2
What is the units digit of 43099?
9
What is the ten thousands digit of 214530?
1
What is the millions digit of 1526975?
1
What is the hundred thousands digit of 15184171?
1
What is the ten thousands digit of 608330?
0
What is the ten thousands digit of 9295268?
9
What is the hundred thousands digit of 101595?
1
What is the thousands digit of 843581?
3
What is the tens digit of 1866841?
4
What is the ten thousands digit of 984399?
8
What is the ten thousands digit of 162504?
6
What is the hundreds digit of 3539028?
0
What is the hundreds digit of 358756?
7
What is the units digit of 1096586?
6
What is the hundreds digit of 62058?
0
What is the thousands digit of 9075179?
5
What is the tens digit of 41797?
9
What is the tens digit of 10956157?
5
What is the thousands digit of 1436159?
6
What is the hundred thousands digit of 1765522?
7
What is the tens digit of 1495216?
1
What is the thousands digit of 159853?
9
What is the ten thousands digit of 286679?
8
What is the tens digit of 53964?
6
What is the units digit of 280750?
0
What is the thousands digit of 10308?
0
What is the hundred thousands digit of 9264813?
2
What is the hundreds digit of 1575252?
2
What is the hundreds digit of 341400?
4
What is the thousands digit of 866489?
6
What is the hundreds digit of 5883548?
5
What is the ten thousands digit of 2330967?
3
What is the millions digit of 3559843?
3
What is the ten thousands digit of 206152?
0
What is the thousands digit of 996833?
6
What is the units digit of 13193394?
4
What is the ten thousands digit of 6368111?
6
What is the hundred thousands digit of 786749?
7
What is the millions digit of 21261759?
1
What is the ten thousands digit of 2057236?
5
What is the tens digit of 7454133?
3
What is the tens digit of 8787997?
9
What is the thousands digit of 409287?
9
What is the hundred thousands digit of 3345771?
3
What is the units digit of 2632429?
9
What is the hundred thousands digit of 674599?
6
What is the hundreds digit of 1282447?
4
What is the ten thousands digit of 131804?
3
What is the thousands digit of 158931?
8
What is the units digit of 3747375?
5
What is the ten thousands digit of 807077?
0
What is the ten thousands digit of 5359